*3 - 9*m**2 - 8*m - 2. Let o be w(p). What is c(o)?
2
Suppose -3*d - o = d - 27, 2*o - 24 = -3*d. Let g = -2 + d. Let i(a) = a**2 - 6*a - 2. Determine i(g).
-10
Let b = -5 - 0. Let k(p) = 3*p**3 + 4*p**2 + 7*p - 3. Let g(t) = 16*t**3 + 19*t**2 + 36*t - 15. Let r(i) = 2*g(i) - 11*k(i). Give r(b).
3
Let w(d) = d**3 + 0*d**3 - 5 + 3 - 4*d - 3*d**2. What is w(4)?
-2
Suppose 4*k + 2*l + 6 = 0, 5*l = -17 + 2. Let r(f) be the third derivative of -f**4/24 + 4*f**3/3 - f**2. Give r(k).
8
Let k(u) = -u**2 - 15*u + 17. Let z be k(-16). Let j(v) = -12*v**2 + 1. What is j(z)?
-11
Let f(b) = -b + 11. Let p be f(13). Let k(i) = 5*i - 1 - 2 - 5*i - 2*i. Give k(p).
1
Let o(w) = 3*w**3 + 7*w**2 - 18*w - 24. Let j(t) = t**3 + 2*t**2 - 6*t - 8. Let a(m) = -8*j(m) + 3*o(m). Let y be (6/(-3) - -1) + -5. Determine a(y).
-8
Let r(h) = 28 + 3*h - 24 - 4*h. What is r(6)?
-2
Let m(x) = 7*x - 5*x - 1 + 8*x**2 + 0. Calculate m(1).
9
Let g(y) = -4*y + 3. Let j = 13 + -4. Let u = j + -8. Let r = u - -2. Determine g(r).
-9
Let t(a) = 2*a + 3*a - 2 + 2*a**2 - 3*a**2. Give t(4).
2
Let h(s) = 2*s. Let t(d) = -d**3 - 2*d**2 + d - 1. Let q be t(-2). Let b = 5 + q. Suppose 0*m - 6 = 3*l - 3*m, 5*m = b*l + 16. Calculate h(l).
4
Suppose 0*x + 3*x = 4*z + 21, -5*x + 2*z = -21. Let w(n) = -6*n - 2. Let g(y) = 5*y + 1. Let u(v) = x*g(v) + 2*w(v). Calculate u(1).
2
Let y(u) = -25*u - 17. Let a(x) = -4*x - 3. Let k(v) = -34*a(v) + 6*y(v). Give k(-1).
14
Let w(b) = b + 15. Let m be w(-12). Let k(x) = -3*x - 3 - m*x - 1 + 3. Calculate k(1).
-7
Let v(g) = 1 - 7 + 0 - g. What is v(-6)?
0
Let n(h) = 7 + 3*h**2 - 383*h - 5 + 386*h - h**3. What is n(4)?
-2
Let y(r) be the second derivative of r**6/360 - r**5/20 - r**4/12 + 2*r. Let f(h) be the third derivative of y(h). Suppose 0 = s - 5*s + 20. Determine f(s).
4
Let i(c) = -c**2 - 3*c - 5. Let k(y) be the third derivative of y**5/60 + y**4/6 + y**3 - 5*y**2. Let f(d) = 4*i(d) + 3*k(d). Give f(0).
-2
Let b(o) = -2*o**2 + 4. Let v be b(2). Let i(m) = m**2 + 2*m. Calculate i(v).
8
Let l(n) = n**2 - 3*n + 2. Let m = -3 - -5. Let h(f) = -5*f**2 + 11*f - 9. Let o(v) = m*h(v) + 9*l(v). Determine o(-5).
0
Suppose -6*c + c = 0. Let j(z) be the first derivative of z**4/4 + z**2/2 + 2*z - 18. Give j(c).
2
Let n(c) = 7*c**2 - 10*c - 14. Let z(f) = 3*f**2 - 5*f - 7. Let h(o) = 2*n(o) - 5*z(o). Calculate h(5).
7
Let d(l) = 5*l**3 - 3*l**2 + 3*l - 13. Let j(y) = -y**3 + y**2 - y + 3. Let u(f) = -2*d(f) - 9*j(f). What is u(2)?
-15
Let g = -50 + 47. Let d(a) = a**2 - 3. Determine d(g).
6
Let o(r) = 8 - 4*r**2 + 4*r + 0*r + 2*r + 3*r**2. Determine o(8).
-8
Let g be (-1 - 6/(-10)) + (-96)/(-15). Let y(w) = -w**3 + 6*w**2 + 8. Calculate y(g).
8
Let o(z) = -z**2 + 7*z - 3. Let n(v) = 2*v**2 - 10*v + 4. Let l(i) = 5*n(i) + 7*o(i). Let j(b) be the first derivative of l(b). What is j(-1)?
-7
Let r(c) = c - 3. Let u be 2*5/2 + 0. Suppose u*d + 18 = 2*d. Let v = 11 + d. Calculate r(v).
2
Let h(n) be the second derivative of n**4/3 - n**2/2 + n. Let j be h(1). Suppose 4*c + j = -17. Let w(m) = m**3 + 5*m**2 - 6. Give w(c).
-6
Let u = -20 + 24. Let b(m) = 7*m - 12*m - u + 4*m. Give b(-7).
3
Suppose 5*s + 5*i = 0, -2*i - 20 = -2*s - 0*i. Let g be 0*(s - 2)/6. Let a(r) be the third derivative of -r**5/60 + r**4/24 - r**3/3 + r**2. What is a(g)?
-2
Let y(p) = -7 - 4*p**2 - 5*p + 15 - p**3 + 4*p. Let c(a) = a**3 + 4*a**2 + a - 9. Let k(x) = 3*c(x) + 4*y(x). Determine k(-4).
9
Suppose -3*u = -u - 5*a - 31, -5*u - 2*a = -92. Let h be (u/(-12))/(2/4). Let g(o) = -3 + 1 - 1 - o. What is g(h)?
0
Let b(j) = j**2 - 4*j - 9. Let v(h) = -h + 1. Let w(g) = -b(g) + 4*v(g). Determine w(0).
13
Let n(k) be the second derivative of -k**6/120 - k**5/30 + k**4/6 + 3*k**2/2 + k. Let c(b) be the first derivative of n(b). Determine c(-3).
-3
Let h(b) = b**2 - b - 1. Suppose 0 = 6*a - 2*a - 44. Suppose 3*i - 1 = a, 5*i - 21 = -w. Suppose f = -0*f - w. What is h(f)?
1
Let c(t) be the second derivative of -t**3/6 - 11*t**2/2 - 4*t. Let g(w) = w**2 - 4*w - 5. Let s be g(4). Determine c(s).
-6
Suppose 3 = -7*i - 4. Let r(x) = 7*x**2 + x + 1. Give r(i).
7
Let p(s) = -s**3 + s - 1. Let y(r) = 8*r**3 + 5*r**2 - 4*r + 5. Let f(h) = 6*p(h) + y(h). Give f(-3).
-16
Let a(k) be the second derivative of -9/2*k**2 - 6*k + 0 - 1/6*k**3. Give a(-7).
-2
Let r(v) = -8*v + 1. Suppose -g - 2*g = 3. What is r(g)?
9
Let t(w) be the first derivative of w**2 - 2*w - 4. Give t(4).
6
Let p(k) = -k**2 - 7*k - 6. Let t = -7 + 3. Let z be (6/t)/((-9)/12). Suppose -z*m - m - 15 = 0. Determine p(m).
4
Let x(p) = 8*p + 4 - 4*p + 2*p**2 + p**2 - 2*p**2. Let m(s) = -2*s + 3. Let r = -3 + 6. Let n be m(r). Give x(n).
1
Let g(h) be the third derivative of h**5/30 - h**4/12 + h**3/6 + 3*h**2. Suppose -25 = -0*l - 5*l. Suppose l*u - 5 = 5. Give g(u).
5
Let w be (8/10)/((-16)/(-40)). Let t(h) be the first derivative of 2*h - w + 1/3*h**3 + 7/2*h**2. Determine t(-5).
-8
Let n(a) = a + 2. Suppose -4*g = -16*g + 36. What is n(g)?
5
Let m(y) = -2 - 2 + y**2 - y**3 + 3*y**2 + 3*y. Give m(4).
8
Suppose 2*z = 5*l + 15 + 27, l = 3*z + 2. Let o be 65/26*(-16)/l. Let c(s) = -s**3 + 5*s**2 - 5*s - 1. Give c(o).
-5
Let b(x) = -x**2 - 7*x - 6. Let r be b(-6). Let a(z) = r*z**3 + 4*z**2 + 3*z**3 + 3*z - 6 - 2*z**3 - 6*z. Determine a(-4).
6
Let z(j) = -j**2 + 10. Let g = -30 - -30. Give z(g).
10
Let l(j) = -4*j**3 + 10*j**2 + 3*j + 8. Let d(w) = 3*w**3 - 9*w**2 - 3*w - 7. Let b(m) = 6*d(m) + 5*l(m). Let r be 1/2*(2 - -4). Let i = r - 5. Give b(i).
4
Let d(r) = -4*r + 7. Let s(x) = -x + 1. Let l(o) = d(o) - 5*s(o). Suppose -4*z + 4 = -4*i, -i - i - 2*z - 14 = 0. Calculate l(i).
-2
Let k(u) = -u**3 + u**2 - 5 - 4 - u + 4. Let y(p) = -p**3 - 4*p**2 - 2*p - 1. Let d be y(-3). Let b = d + 4. Determine k(b).
-5
Let p(c) = -c. Let i(k) = -3*k + 12. Let j(w) = i(w) - 4*p(w). Determine j(-6).
6
Let l be (-68)/11 - 2/(-11). Let q = l - -9. Let w(z) = z**2 - 2*z + 3. Determine w(q).
6
Let q(h) = h**3 - 4*h**2 - 2*h + 3. Let i = 14 - 10. Let g be 1 + i - 4/4. What is q(g)?
-5
Let g be 74/(-14) - ((-8)/28 - 0). Let z(u) = -u - 5. Give z(g).
0
Suppose 5*y - 20 = 0, -5*i - 3*y + y + 23 = 0. Let q(h) be the third derivative of 0*h**4 - 1/120*h**6 - 3*h**2 + 0*h + 0*h**5 - 3/2*h**i + 0. What is q(0)?
-9
Let x(b) be the third derivative of b**4/8 + b**3/3 - 10*b**2. Calculate x(-5).
-13
Let o(p) = -p**2 - 7*p. Let m be o(-6). Let f(z) = 3*z - 1. Let u(l) = -5*l + 1. Let d(b) = 8*f(b) + 5*u(b). Give d(m).
-9
Let k(q) = -q**2 - 2*q + 7. Let z be 2/(-5 + 1)*-42. Suppose p - z = -5. Suppose -4*c = -4*b - b - 21, c = -3*b - p. Give k(b).
-8
Let f = -9 - -12. Let n(v) = 2*v**3 - 8 + 2*v + 2*v**2 - 3*v**3 + 5. What is n(f)?
-6
Suppose -4*g + 68 = 4*a, 5*a - 35 = -g - 10. Suppose -5*c + 4*x = -0*c + 29, 5*x = -4*c - g. Let d(m) = -6*m - m**2 + 2*m - 50 + 56 - m. Give d(c).
6
Let r(i) = -11*i**2 - 8*i + 21. Let y(j) = 5*j**2 + 4*j - 10. Let q(t) = 4*r(t) + 9*y(t). Suppose 7*u - 2*u + 30 = 0. Determine q(u).
6
Let b = 72 + -70. Let p(o) be the second derivative of 0 - 3*o - 1/6*o**3 - b*o**2 + 1/12*o**4. What is p(3)?
2
Suppose 22*w = 17*w + 25. Suppose -2*u - z + w = 3*u, -2*u + 2 = 4*z. Let l(k) be the third derivative of -7*k**5/60 + k**4/24 - k**3/6 + k**2. Calculate l(u).
-7
Let v be (3/(-9))/(1/(-6)). Let k(c) = 1 + 2*c - c + 0*c**v - 5*c**2. Give k(-1).
-5
Let c = 67 + -70. Let d(b) = -b**3 - 2*b**2 + 4*b + 3. Give d(c).
0
Let a(g) = g**2 + 5. Let n(h) = h**2 - 9*h + 8. Let q be n(8). Let s(x) be the first derivative of -x**3/3 + x**2/2 + 1. Let l be s(q). Give a(l).
5
Let w be (6 + -1)*(-2)/(-5). Suppose -6*o = -w*o. Let v(k) = -2*k**2 + 11*k - 2. Let c(r) = -r**2 + 6*r - 1. Let u(z) = 11*c(z) - 6*v(z). Calculate u(o).
1
Let g(o) = -5*o - 2. Suppose -3*h - z + 2*z - 10 = 0, -4*h + 12 = 5*z. Determine g(h).
8
Let y(h) = -5*h**2 + 4*h + 2 + h**3 - 3*h - 2*h. Suppose 3*k = 7*k + 32. Let r = k - -13. Give y(r).
-3
Let v(l) = -2*l + 48. Let u be v(23). Let z(y) = -8*y**3 - 5*y**2 - y - 5. Let d(b) = -2*b**3 - b**2 - 1. Let q(t) = -9*d(t) + 2*z(t). Determine q(u).
7
Let o(q) = 5*q - 2. Suppose -c + 15 = 4*c, -c = 5*n - 28. Suppose -n*j + 16 - 1 = 0. Give o(j).
13
Let c(t) = -4*t - 4*t + 7*t + 8. Calculate c(-7).
15
Let w(a) = 2 + 0*a + 1 + a. Give w(-4).
-1
Let f(a) = -